2
What is 5 + 8 + -17 - (13 + (14 - 11))?
-20
Evaluate -6 - (-10 + (6 - (-7 + 7)) + 0).
-2
Calculate 4 + 8 + -15 + 0 - 2.
-5
What is the value of -1 - (3 + -5 - -2 - (12 - -1))?
12
(-20 - (-33 - -13)) + 8 - 13
-5
What is -6 + 29 - (41 + -37)?
19
Evaluate -5 + 9 - (25 + (1 + 0 - 6)).
-16
What is the value of -1 + -2 + 43 + -37?
3
What is the value of 0 + (4 - (-3 + 15))?
-8
-17 + (1 + -10 - -4 - -4) - 7
-25
Calculate -18 + (5 - (14 - 5 - (-18 + 18))).
-22
-54 + 51 + (9 - 1) - 11
-6
Calculate (-4 + 0 - -3) + 9 + -13 + 7.
2
What is the value of (-12 - (10 - 11)) + (0 + 5 - 4)?
-10
What is (-3 - -3) + -3 + (-16 - (-18 - -14))?
-15
What is the value of -2 + -8 + (-1 - (-4 + -2))?
-5
What is (-7 - -10 - (2 + 2 + -4)) + -5?
-2
Evaluate (-1168 - -1148) + 3 + 1.
-16
Evaluate -7 + -16 + -15 + 21.
-17
Evaluate -29 - -31 - (9 - (10 + -7) - 3).
-1
Evaluate 7 + 10 + 15 + -17.
15
What is the value of -96 + (22 - -57) + 5 + -1 + 0?
-13
Calculate -5 + (6 - (-3 - 3) - 3).
4
What is the value of 33 + (30 - (26 - -9))?
28
What is -4 + (-30 - (-27 - 28))?
21
Calculate 23 - (8 - 2 - -10).
7
3 + 5 - (-11 - -15 - 1)
5
Evaluate -18 - -1 - -13 - 10.
-14
Evaluate (11 - (-19 + 46)) + 19.
3
2 - (25 + -23 + 4 + -5)
1
Calculate 2 + (-5 + (1 - -7) - -2).
7
Calculate 6 + 10 + -23 + 7 + 3.
3
What is 19 + -65 + (4 - -26) + -19?
-35
Evaluate -2 - ((2 - 9) + 10 + 1 + -5).
-1
Evaluate -4 + (-3 - -8) - (-10 + 14).
-3
15 + (20 - 43) + (1 - -13)
6
What is the value of 76 + -77 + (-4 - 0 - 10)?
-15
What is (-38 + 24 - -23) + 18 + 6?
33
What is 18 - (-2 + 15 + -1) - 5?
1
-16 - ((2 - 0 - 19) + 8)
-7
Calculate -13 + (-26 - -9) + 3 + 8.
-19
What is 18 + -19 + 3 - -5?
7
What is 39 + -23 + -23 + 2 + -16?
-21
Evaluate 12 + 11 + -10 + -15.
-2
What is -706 + 708 - (5 + (-2 - 0))?
-1
What is -24 - (-3 + (9 - 18))?
-12
What is 23 + (16 - 34) + 0 + 9?
14
Evaluate -25 + 24 + (10 + -3 - 4) + 12.
14
Calculate (3 - -3) + -1 + -12 - (9 + 4).
-20
What is the value of -6 + (-1 + 18 - 6) + 3 + -7?
1
1 + (12 - ((7 - 1) + 5))
2
What is the value of 2 + -10 - (-24 + -1 + 9) - 6?
2
What is the value of (5 - 2) + -23 + 13 + -14?
-21
Evaluate -4 + 12 + -3 - 5 - -4.
4
10 + -2 + (0 - -2) - -3 - -8
21
What is 8 + -2 + -19 + 7 + 1 + 9?
4
Evaluate -3 - -12 - (4 - (3 + (-3 - -1))).
6
(-27 - ((14 - 8) + -4)) + 7
-22
5 + (6 - -7) + -8
10
What is the value of 15 - (-18 + 50 - 22)?
5
Evaluate -9 + (30 + -7 - 8).
6
Calculate 11 - ((0 - -19) + -29).
21
What is the value of 3 + -2 + (2 + -13 - -5) + 2?
-3
Calculate -15 + 6 + 6 + (4 - 9) + -5.
-13
What is 5 - 4 - (-2 - 8)?
11
Calculate (-5 - (0 - -1)) + 69 + 0 + -57.
6
What is the value of (-4 + -20 - -17) + -7?
-14
Evaluate (-41 - -12) + 8 + 16 + (2 - 2).
-5
What is the value of (-3 - 8) + 4 + 2 - (43 + -40)?
-8
What is the value of -19 + 13 + (-1 - (3 + -8))?
-2
What is the value of (23 - 27) + 1 - (11 - -2)?
-16
What is -31 + 20 - (28 - 51)?
12
Calculate -16 + (20 - 11) - -12.
5
What is the value of (-7 + 5 - -14) + 6 + 5 + -16?
7
(0 - (20 - 1)) + -389 + 391
-17
Calculate -5 + 9 + -13 + 18.
9
Calculate -5 - (-7 + -15) - (8 - 1 - 0).
10
What is -21 - -5 - (-6 + 25 - (6 + 1))?
-28
-16 + (-28 + 28 - (3 + -3))
-16
What is -5 + 2 + 0 + (-138 - -139)?
-2
Evaluate (7 - (3 + -2)) + (-10 - -1 - -5).
2
Calculate (-14 - -24 - 24) + 25.
11
8 + 0 + (23 - 9 - 2)
20
Evaluate 78 + -47 + 9 + -5 + -22.
13
What is the value of 3 + (-26 - (-10 + -3))?
-10
What is the value of -14 - (-3 - 3) - -6 - (-1 - 8)?
7
(-19 - 0) + 746 + -703
24
Evaluate -6 + 13 + (-9 - -1).
-1
Calculate 14 + 12 + -15 - 29.
-18
5 - 1 - (183 - 162) - -46
29
(-8 - -11) + -3 + 8
8
Calculate (-1 + 58 - 49) + (-40 - 0).
-32
Calculate (2 + 22 - 7) + -16.
1
Evaluate -3 + -2 + 7 + (23 - 20) - -10.
15
What is the value of -2 + 2 + 2 + -31 + 18?
-11
Calculate -2 - (4 + 1 + -6 + -5).
4
(-12 - 1) + 21 + 1 + (10 - 4)
15
Calculate -3 + (-15 - (5 - 9)).
-14
Evaluate -34 + (65 - (48 - 25)).
8
What is the value of -49 + 32 - (-22 + -2)?
7
Calculate (0 - -10) + 28 + (-33 - -9).
14
What is the value of -3 + -8 - (-16 - -7)?
-2
Evaluate -20 + -30 + 66 + 0 + -5.
11
-10 + 25 + -28 - -36
23
-2 - ((-14 - -13) + 2 - (12 - -1))
10
Calculate 7 + -59 + (-2 + -25 - -40).
-39
Evaluate (4 - -1) + 4 - (-17 + (-27 - -26)).
27
Evaluate -4 + 1 + (-1 - -7 - -1) + -1.
3
(-6 - 6) + 19 + (6 - (1 + -2))
14
24 - 42 - (1 + -7)
-12
(8 - (-3 - (6 - 13)) - 27) + 8
-15
What is 0 - 0 - (-258 - -261)?
-3
Evaluate (-3 - (8 + -7)) + 16.
12
Evaluate -17 + -1 - (-8 - -4 - -1).
-15
What is -7 - (7 + 1 - 9 - 17)?
11
Evaluate -6 + 2 + 9 + -5 + -2 + 3.
1
1 - 1 - (10 - 12) - (-35 + 38)
-1
(-20 - -15) + 10 - -6
11
What is 0 + 3 - (-25 - -20) - (0 - 4)?
12
What is the value of (3 - (36 - 4)) + (7 - 19) + 21?
-20
What is the value of -1 - (-2 + (8 - 5)) - -4?
2
-20 + 9 + 5 + 9
3
-5 + (-11 - -5) + 10 + (9 - 39)
-31
What is the value of (0 - 10) + 44 + -42?
-8
What is the value of 11 - -31 - 85 - -13?
-30
What is (-1 - 0) + -35 + 31?
-5
What is 16 - -1 - ((-4 - -12) + (19 - 17))?
7
Calculate (14 - 8) + 4 + 3 + -5 + -17.
-9
Evaluate 6 + (-1 - -1) + (31 - (46 - 18)).
9
What is the value of 2 + 4 + -3 - -2 - (-1 + 1)?
5
What is the value of -2 + 5 + (3 - 0 - (8 + -1))?
-1
Evaluate (24 - (-6 + 29)) + -2.
-1
Evaluate -13 + (38 - -17) - 48.
-6
-25 - (-13 + 13 - 4 - 9)
-12
Calculate -15 - (-19 + 11 + -1).
-6
Evaluate (-9 - (22 + -13)) + 8 + -23.
-33
8 + (9 - (28 - (-13 - -4)))
-20
Calculate 32 + 25 + -12 + -20.
25
What is -3 - (-22 - (-23 + 16))?
12
Calculate (-20 - -71 - 6) + -1 + -10.
34
What is the value of 15 + (-5 - 10 - -4) + 6 + -1?
9
What is the value of 0 - -3 - (-20 - -13 - (29 - 26))?
13
Calculate 11 - (7 - (-11 - -21 - 13) - 1).
2
What is the value of 0 - (9 - (10 + 6 + -8))?
-1
Evaluate -13 + (24 - 3 - (-60 - -51)).
17
What is the value of -7 + 4 + 3 + -2 + -36 - -8?
-30
Calculate 29 + 1 - (8 + -3 + 7).
18
Evaluate -19 + -3 + (0 - -8) - -4.
-10
What is (-25 - -9 - -8) + 9?
1
Calculate -1 + (18 - (-28 + 31)).
14
Calculate 20 + (6 - 16) - -1.
11
What is the value of (3 + -4 - -8) + 0 + -5?
2
Calculate (-11 + -5 - -5) + 29.
18
What is the value of -7 + -23 + 44 + -38?
-24
1 - (13 - 12) - (-14 + 0)
14
Calculate 19 - 12 - 21 - -11.
-3
Calculate (-29 - -28) + 5 + -16 - 13.
-25
Evaluate (4 - -7) + -11 - 10.
-10
Evaluate -8 - (-10 + 3 + 4) - (-1 + -10).
6
What is 15 + -14 + 5 + -5?
1
What is 15 - (-6 - -23) - (-9 - 2)?
9
What is the value of -8 + 1 - (-5 + (-2 - -2) - 14)?
12
Evaluate 4 - (-2 + 4 + -3 + (104 - 128)).
29
Calculate 7 - (-7 - -25) - -3.
-8
-28 + 8 - -17 - (3 + -14)
8
Evaluate 26 + (-26 + 35 - 42).
-7
What is the value of 13 + (0 - 12) + (-1 - 2 - 8)?
-10
What is 37 - (-13 - (-20 + -4))?
26
Calculate 41 - (-38 + 38) - 34.
7
What is 14 + (-4 - ((-62 - -54) + (5 - -1)))?
12
57 - 58 - (-6 + (10 - -1))
-6
What is -8 - (-5 + -13) - (-3 + (-1 - -2))?
12
What is the value of (-18 - -7) + 2 + 2?
-7
Calculate 6 - (10 - (6 - 4)) - (-12 + 35).
-25
What is the value of 20 + (3 - 6) + -20?
-3
9 - (7 + 27 + -10)
-15
What is the value of 2 + 4 + -10 + -2 + 11?
5
What is 0 + 5 + -2 - -3 - (3 + 3)?
0
What is -10 + 5 + (-104 - -132)?
23
Calculate (-30 - (0 + 7 + -19)) + -20.
-38
Calculate 21 + (-8 - 3) + -10.
0
What is the value of (9 - -3 - -1) + -25?
-12
What is 32 + -20 + 10 + 5 + -16?
11
Calculate -9 + (5 - 9 - (-1 + -6 + 13)).
-19
Calculate 7 + 1 - (-18 + 27).
-1
(4 - (-5 - -8 - -4) - 6) + 4
-5
-21 + (4 - (4 + (15 - 8) + -8))
-20
What is 9 - (40 + -26 - -27)?
-32
Calculate 4 + (4 - (14 - -5)) - -5.
-6
Calculate -22 - ((2 - (-6 + 12)) + (-5 - 1)).
-12
1 + (1 + 4 - 0) + (5 - 6)
5
-8 - (-10 - -4 - (4 - 1))
1
-20 - (4 - 1 - 21) - 15
-17
What is -4 + 3 - (1 + (-10 - (2 - 10)))?
0
38 + (8 + -7 - 7) + -11
21
What is 7 - (-6 - -12) - -2 - (-2 - -11)?
-6
What is the value of -11 + -1 + (-3 - (-8 - -7))?
-14
Calculate -25 + 7 - -11 - (-3 + -9).
5
Evaluate 10 - (7 - (0 - (-9 + 4 + 41))).
-33
What is the value of (-60 - -25 - -27) + -6?
-14
(3 - (0 - (4 + -26))) + (-4 - -10)
-13
Calculate (8 + -8 + 6 - 1) + -11.
-6
What is the value of (-12 - -17) + (-1 + -7 - -15) + -9?
3
Calculate (-4 - -8) + -9 + 2 + 1.
-2
Evaluate 5 + -6 + (4 - -4) - -4.
11
(-93 - -93) + (4 + -1 - 1) + -8
-6
What is the value of 8 + (-5 - (-7 + -12) - (2 + 2))?
18
What is -2 + 1 + -8 - (359 - 353)?
-15
What is 2 + (1